+ 2275, -4*a + 446 = n. Suppose 4*h - 4*m = n - 58, 4*h - 2*m = 400. What is the tens digit of h?
0
Suppose 29*d - 2842 = -41*d + 130158. What is the units digit of d?
0
Let k(p) = -2*p**3 + 7*p + 2. Let h be k(-2). Let q(d) = d**2 - 7*d + 3. Let s be q(6). What is the units digit of h + (74 - s) + 1?
2
Suppose 0 = -3*k + 10 + 2. Suppose k*q - 12 - 4 = 0. Suppose -522 = -q*n + 2*l + 80, 0 = -2*n - 3*l + 305. What is the tens digit of n?
5
Suppose 905 = 19*f - 957. Let g = f - -292. What is the hundreds digit of g?
3
Let s be (-2 - 0) + (7 - 1). Let z(a) = 19*a + 1047. Let g be z(-55). Suppose -g*d - 148 = -3*f, 112 = s*f - 2*d - 86. What is the tens digit of f?
5
Let p = 1512 + -407. Let i = p + -750. What is the tens digit of i?
5
Suppose 479*v + 1881986 - 4234364 - 2222551 = 0. What is the tens digit of v?
5
Let u be (-17 + 21)*(-1)/2. Let z(w) = -85*w - 16. Let n be z(u). What is the units digit of 201/7 + 44/n?
9
Let s(x) = 33*x + 1872. What is the thousands digit of s(-6)?
1
Suppose -5*z + 0*z - 2 = -c, 2*z + 5*c + 17 = 0. Let b(d) = 1889 - 994 - 2*d - 896 + 113*d**2. What is the hundreds digit of b(z)?
1
Let n(p) = 3*p**2 - 10*p - 9. Suppose -2*o + 6*o - 2*y = 80, -3*o + 60 = 5*y. What is the units digit of n(o)?
1
Let n(t) = 150 + 58*t + 50*t - 107*t. What is the tens digit of n(-22)?
2
Suppose a - q + 2968 = -2*a, -3*a - 2956 = 2*q. Let w = -250 - a. What is the tens digit of w?
3
Let g(a) = -43*a + 49. What is the tens digit of g(-19)?
6
Suppose -37 = 6*m + 119. What is the units digit of 11/(m/117 - 1/(-3))?
9
Let k be (-32)/(-12) - (-8)/(-12). Suppose k*w = -3*f + 1224, f = -4*f + 4*w + 2040. Suppose 6*d + 108 = f. What is the units digit of d?
0
Let k(u) = u**3 + 16*u**2 + 27*u - 2. Let g be k(-14). Suppose -g*s + 831 - 39 = 0. What is the units digit of s?
6
Let z(l) = 6*l**2 + 166*l - 5025. What is the hundreds digit of z(38)?
9
What is the units digit of (4 + 171/(-15) + (-77)/(-55))*-5918?
8
Let p(h) = -h**3 + 30*h**2 + 365*h + 79. What is the units digit of p(35)?
9
Suppose 0 = d - 3*f - 2465, 9*d + 2*f - 2445 = 8*d. Let m = d - 1452. What is the units digit of m?
1
Let f be 40 + -2*9/6. Suppose f + 21 = s. What is the units digit of s?
8
Let d be 41 - ((-55)/22 - 2/(-4)). Let z = d + 227. Let v = -130 + z. What is the hundreds digit of v?
1
Let w(h) = h**3 - 16*h**2 + 87*h + 288. What is the ten thousands digit of w(30)?
1
Let y(k) = -21 + 4 - 27 + 2 - 31*k + 2*k**2. Let i be y(17). Suppose i*w = -6*w + 3180. What is the tens digit of w?
1
Let j(x) = -7*x**2 - 48*x - 12. Let c be j(-14). Let m = -316 - c. What is the units digit of m?
6
Let f be 2 + ((-2)/2)/(-3 - -2). Suppose -f*b = b + 2*j - 30, -5*b = 3*j - 36. What is the units digit of b?
9
Let x be -2 - -2 - (-1 - 2). Suppose -3*n - 2*n - 25 = 0, -24 = -3*k + x*n. Suppose -5*h + z + 220 = 0, 3*h - k*z + 8*z - 132 = 0. What is the units digit of h?
4
Suppose 6129*a - 6133*a = -50736. What is the tens digit of a?
8
Let g = 85792 + -48891. What is the units digit of g?
1
Suppose 4*i + 75 = 3*s, 15*s + 100 = 19*s - 5*i. What is the units digit of -2*(-10)/s*105/12?
7
Suppose 13*j - 21*j + 32 = 0. Suppose -12*z = -17*z - j*w + 924, 3*z - 580 = 4*w. What is the tens digit of z?
8
What is the thousands digit of (1092/(-117))/(16/(-2964))?
1
Suppose 58968 = z + z + s, -58980 = -2*z + 5*s. What is the units digit of z?
5
Let u(n) = -5*n + 3480. Let k be u(0). Suppose -92*y + 84*y = -k. What is the units digit of y?
5
Let c = -18789 - -34710. What is the ten thousands digit of c?
1
Let v = 4199 + 1287. What is the hundreds digit of v?
4
What is the thousands digit of (-4)/(2/(8 + -2)) - -14615?
4
Let j(y) = -278*y + 696. What is the hundreds digit of j(1)?
4
Suppose 0 = -x - 2*o + 3, x - 5*o - 3 = 2*x. Suppose 25 = 3*p + x. What is the units digit of (p/(-8) - 2/8)*-41?
1
Suppose 3*t + 2464 = -1391. Let s = t - -1802. What is the units digit of s?
7
What is the hundreds digit of 507/(-18)*-326 + 270/162?
1
Let q be (-6 - 190)*6*3/12. What is the units digit of (q/4)/((-51)/12 + 4)?
4
Suppose -4*p + 17827 = -140845. What is the tens digit of p?
6
Let a be (40/(-24) - 0)/((-5)/18). Suppose 503 + 8227 = a*w. What is the hundreds digit of w?
4
Suppose 5*w - 291 = -151. What is the units digit of w/(-70) + (964/10 - 1)?
5
What is the tens digit of (0 + 8)/(-16)*-48782 - 14/2?
8
Let j(b) be the second derivative of b**5/20 + 3*b**4/2 - 6*b**2 + 9*b. Let u be j(-18). What is the tens digit of 123/9 + u/18?
1
Suppose -642*x = -652*x + 48710. What is the units digit of x?
1
Let a(v) = -925*v - 1427. What is the units digit of a(-6)?
3
Let b = 9949 - 8027. What is the hundreds digit of b?
9
Suppose 2*y - 684 = -5*v + 3*v, -y = -5*v + 1734. Suppose -j + 126 = -v. What is the hundreds digit of j?
4
Suppose -43 + 23 = -g. Suppose 0 = -24*p + g*p + 5*l + 3881, 3*p + l = 2906. What is the units digit of p?
9
Let s(x) be the first derivative of -x**4/4 - 16*x**3/3 + 13*x**2/2 + 20*x - 15. Let g be s(-18). Let r = -295 + g. What is the tens digit of r?
3
Let x(r) = -1139*r**3 + 7*r**2 + 157*r + 474. What is the ten thousands digit of x(-3)?
3
Suppose -3484*v = -3704*v + 998360. What is the hundreds digit of v?
5
Let b = -1500 + 3079. Suppose 3*d - 5*m + 133 = 1713, -b = -3*d + 4*m. What is the hundreds digit of d?
5
Let l(c) = c**2 + 2*c + 2. Let b be l(-3). Let s = 249 + -245. Suppose -b*t + 523 = 5*v - t, s*v + 5*t = 413. What is the tens digit of v?
0
Suppose 11*q + 3*h = 16*q - 8399, -4*q = -2*h - 6720. Suppose 2*b - q = 547. What is the thousands digit of b?
1
Suppose 17*q = 23*q - 126. Suppose 3*j - q = -3*c, -17 = 4*c - 8*j + 3*j. What is the tens digit of 6/12 + 313/c?
5
Let j = 37 - 21. Let a be (3 - (-2136)/j) + 2/(-4). Let i = a + 28. What is the hundreds digit of i?
1
What is the thousands digit of (-21 + 9)*(-1437)/4?
4
Suppose 5*i = 0, 5*j + 0*j = -i + 25. Let n be (0 - -2)/((-8)/(-740)*j). Let f = 55 - n. What is the units digit of f?
8
Let a = 151 - 149. Suppose 2*y + 1273 = a*x + 3*y, -3*x - 5*y + 1906 = 0. What is the tens digit of x?
3
What is the thousands digit of 272080/45 + ((-48)/54)/4?
6
Suppose 0 = -6*z + 5*z. Suppose c - 3*h - 3 = -z*c, 5*c = -2*h + 83. Suppose -c = 67*s - 70*s. What is the units digit of s?
5
What is the tens digit of -864*(-4 + 380/(-40))?
6
Let h(y) = 351*y - 6616. What is the hundreds digit of h(30)?
9
Suppose 9*b = 42 + 3. Let r(o) = 13*o**3 - 5*o**2 + 15*o - 55. What is the units digit of r(b)?
0
Suppose 48 = -5*h + 11*h. Let k(a) = -9*a + 39 - h*a + 21*a + 0*a. What is the units digit of k(6)?
3
Let f(n) be the third derivative of n**6/120 - n**5/20 - n**4/24 - 4*n**3/3 + n**2. Let h = -992 + 998. What is the tens digit of f(h)?
9
Let h = 5 - 1. Let p = -2636 - -2641. Suppose -5*o = -h*g + 108, -g = -p*g - 4*o + 108. What is the units digit of g?
7
Suppose -17*t = -20*t - 4*a - 3, -5*t - 3*a = -6. Let h(u) = 64*u**2 + 6*u - 32. What is the units digit of h(t)?
2
Suppose 5*c - 5*z = 348941 - 100556, 347755 = 7*c - 5*z. What is the thousands digit of c?
9
Suppose -h + 0*h = -z - 6, 0 = 4*z - h + 9. What is the units digit of 1 - ((-12303)/18 + z/(-2))?
4
What is the tens digit of -262*5/10*(-54 - -29)?
7
Let o = -18 + 20. Let w(i) = 9*i**o - 1 + 0 - 3 + 5*i + i**3. What is the units digit of w(-4)?
6
Let h = -77 - -9141. What is the thousands digit of h?
9
Let a be 8848/210 - 2/15. Let y = 47 - a. Suppose y*u = 35 + 75. What is the tens digit of u?
2
Suppose 2*k - 8 = -0. Let u = k - -518. What is the tens digit of u?
2
Let d(w) = -w - 9. Let v be d(-8). Let b be v/(-2*2/144). Suppose 0 = 2*p - 4*p + b. What is the units digit of p?
8
Suppose -3*d + 1 = 7. Let m be (5 + d/(-2))*(-9)/(-18). Suppose 8*h - 630 = m*h. What is the units digit of h?
6
Let f(v) be the second derivative of -2*v**2 - 10*v + 4/3*v**3 + 0 + 1/20*v**5 - 1/2*v**4. What is the tens digit of f(6)?
4
Let o(m) = m**3 + 6*m**2 - 10*m - 3. Let h be o(-7). Let k be ((-285)/(-171))/(5/27). What is the units digit of (-2 + 48)/(k/h)?
2
Let y be (-11380)/(-18) - 14/63. Suppose g = 2*n - 620, 0 = -2*n + 2*g + 2*g + y. What is the units digit of n?
8
Let y(o) = o**3 + 2*o**2 - 3*o + 2. Let x be y(-4). Let z be (-12)/(-5) - (-7)/((-210)/x). Suppose -c + z + 65 = 0. What is the tens dig